(-28)/(-42))/((-4)/(-6)). Let q(f) = -532*f + l*f - 523*f. What is q(-5)?
5
Let n(b) = b**3 + 43. Let c be 0/((1/(-1))/((-7)/(-1 - 13))). Determine n(c).
43
Let v(u) be the second derivative of 126*u - 1/12*u**4 + 5/2*u**2 + 2 - u**3. Let f = -8 + 2. Determine v(f).
5
Let r(z) = 1495*z - 4505*z - 4*z**2 + 10 + 1499*z + 1498*z + 3*z**2. Determine r(-17).
-58
Suppose 31*z - 290 = 2*z. Let c(b) = -4*b + 38. Let v be c(z). Let o(x) = 3*x**2 - x - 2. Give o(v).
12
Let c(s) = s**2 - s - 132. Let q(o) = 3. Let b(f) = c(f) - 7*q(f). Give b(13).
3
Suppose -52*g + 56*g = 288. Let w = 72 - g. Suppose 5*t + 12 + 33 = w. Let b(h) = -h - 1. Give b(t).
8
Suppose 0 = -6*i + 5*r + 69, -3*r + 99 = 126. Let a(v) be the first derivative of v**4/4 - 4*v**3/3 - v**2 - 5*v + 1. Calculate a(i).
-13
Let f(i) = 9 - 15*i + 344*i**3 - 98*i**3 - 247*i**3 + 18*i**2. Calculate f(17).
43
Let x(v) = -85 + 28 + 2*v**2 - 19*v + 33. Calculate x(11).
9
Let l(h) be the second derivative of h**4/12 - 11*h**3/6 - 3*h**2 - h. Suppose -4*x - 3 = b, -x + 0 = -b + 2. Let f be (b/(-1))/(5/(-55)). Give l(f).
-6
Let r(a) be the third derivative of -a**4/3 + 12882*a**2. Let c be (1*2)/(1 + 0). Determine r(c).
-16
Let z = -34 - -35. Let g(f) = 6*f - z - 5*f - 5*f**2 - f. Suppose -4*a + 0*a = 2*w + 4, 0 = 5*a - w - 9. Give g(a).
-6
Let k(h) = 5*h + 1. Suppose -30 + 0 = -6*f. Suppose -4*q - 9 = f*t, -6*q = -3*t - 7*q - 4. Let i be t*-4*3/(-4). What is k(i)?
-14
Suppose 3*a - 31 = 5*t, 0 = -2*t + 12*a - 47 + 13. Let n(j) = -2*j**2 - 5*j + 5. Give n(t).
-20
Suppose 0 = 2*s - 5*s + 6. Let k be 1/s*(-6)/3 + -17. Let f be 2*1 - (k + 14). Let r(n) = -n**3 + 7*n**2 - 7*n - 3. What is r(f)?
-9
Let b(y) = -4*y**2 + 88*y**3 - 89*y**3 - y + 1 - 4*y. Calculate b(-3).
7
Let q = 304 - 288. Let s(t) = 7*t - 15*t + t + 8*t - q. Calculate s(14).
-2
Let q be 1/(1*1/67). Let y(g) = g**2 + 43*g + 238. Let b be y(-34). Let d = q + b. Let z(w) = 12*w**3. What is z(d)?
-12
Let q(x) = x**3 + 5*x**2 - 5*x + 5. Suppose 4*d - 420 = -4*j, 11*j - 529 = -5*d + 10*j. Let v = -111 + d. What is q(v)?
30
Let c(x) = x**3 - 6*x**2 - 4*x + 6. Let b = -94 - -133. Suppose -b*l = -15*l - 168. What is c(l)?
27
Suppose 5*u + 17 = s + 13, 3*s = 5*u + 12. Let h(k) = 3845 - 3830 - 6*k + u*k. Calculate h(3).
-3
Let a be (-38)/133 - 112/(-49). Let i(b) = 2*b**3 + b**2 - 8. Determine i(a).
12
Suppose -4*r - 3*f = -41, 16*r = 19*r - f - 34. Let i(s) = -s**3 + 12*s**2 - 11*s + 19. Determine i(r).
19
Let a(d) = -6*d**2 + 46*d + 141. Let b be a(10). Let g(l) = -130*l**3 + l**2 - l - 1. What is g(b)?
-131
Let v(g) = -34*g + 2072. Let z be v(61). Let l(q) be the second derivative of -5*q**3/6 - 5*q**2/2 + 2*q. Determine l(z).
5
Let j be ((-34)/(-102))/((-5)/(-15))*3. Let s(q) be the first derivative of j*q**3 - 6*q + 1/4*q**4 - 7 - 5*q**2. Determine s(-10).
-6
Let b(q) = q**2 + 6*q + 7. Let r(a) = -a**3 - 6*a**2 - 10*a - 13. Suppose -2*t = -z + 14 - 2, -z = t. Let d be r(t). Give b(d).
2
Suppose -159*y + 164*y = 115. Let c(m) = 16*m + 278*m**2 - 277*m**2 - 4 - y*m. Calculate c(9).
14
Let b = 12 - 8. Suppose d = -5, -5*d = 5*p - b - 26. Let u(a) be the first derivative of -a**2/2 + 11*a + 222. Give u(p).
0
Let c(z) = z**3 + z**2 + z + 1. Let b = 50 - 45. Let w(x) = -8*x**3 - 6*x**2 - 4*x - 6. Let a(g) = b*c(g) + w(g). Determine a(1).
-4
Let s(g) = g**3 - 15*g**2 + 23*g + 26. Suppose 39*c - 83 = 582 - 158. Determine s(c).
-13
Let f(z) = -2205*z + 54. Let w(y) = -122*y. Let q(u) = f(u) - 18*w(u). Calculate q(5).
9
Let o(a) be the first derivative of -5*a**3/3 - 33*a**2/2 - 11*a - 4863. What is o(-5)?
29
Let m(w) = -21*w + 34. Let r(t) = 2*t**2 - 67*t + 103. Let b(a) = 7*m(a) - 2*r(a). Give b(-5).
-3
Let c(u) = -u**2 - 10*u + 1. Let q(w) = w**3 - 36*w**2 - 44*w + 252. Let d be q(37). Give c(d).
22
Let r(y) = -10*y - 2. Let m be (-5)/2 - (23 + -27) - 5/2. Determine r(m).
8
Let d(q) = q**3 + 2*q**2 - q. Suppose w + 4*i + i = -156, 5*i = -4*w - 624. Let j = 142 + w. Let c be 3*(18/j + (-22)/(-77)). Calculate d(c).
-6
Suppose 159*x + 115*x = 274. Suppose -3*h - 4*k + 2 = -24, 0 = -2*k + 4. Let w(p) = -p - 3*p**2 + 2*p**2 + h*p**2 + 1. Calculate w(x).
5
Let x = 14 - 5. Let y(d) = -554*d**2 + 2 - 549*d**2 + 9*d + 1652*d**2 - 541*d**2 - d**3. Calculate y(x).
2
Let s(k) = k**2 - 75 + 85*k + 178*k - 259*k. What is s(7)?
2
Let l(s) = -20*s. Suppose 4*p - 14 = -6. Suppose -4*d - 14 = -p*b, 0 = -d + 5*b - 4*b - 5. Let n be (1/4)/((-1)/(2 - d)). What is l(n)?
20
Let l = -32729 - -32747. Let b(d) = 9*d - 149. Determine b(l).
13
Let r = -23 - -74. Let s(j) = 8 + 4*j + 52*j**3 + 5*j**2 - r*j**3 + 5*j**2 - 2*j**2. Calculate s(-8).
-24
Let h(t) = -4*t + 3*t + 2 - 4*t - t**2. Let j = -31 + 91. Let s be j/(-150) + 46/(-10) + 0. Determine h(s).
2
Let u(r) = -r**2 + 5. Suppose o + 2 = 0, -3*o - 38 = -0*s - 4*s. Suppose -s*i - 41 = -249. Let m = 26 - i. Calculate u(m).
5
Let o(g) be the first derivative of -g**5/20 + g**4/6 + g**3/3 + g**2 - 63*g - 4. Let n(w) be the first derivative of o(w). Calculate n(3).
-1
Let h = -161 + 163. Suppose 5*l + h*l = -56. Let v(z) = z**3 + 7*z**2 - 7*z + 1. Give v(l).
-7
Let z(d) = -3*d - 5. Suppose -2 = -o + 8. Suppose -b = o - 13. Suppose 3 = -j + 5, b*j = -2*k - 4. What is z(k)?
10
Let j(b) = -b - 3. Let k = 21 + 4. Suppose 0*f = 5*f - k. Let y be ((-6)/12)/(1 - f/6). Determine j(y).
0
Let p(o) = -2*o**3 - 17*o**2 + 6*o - 14. Suppose 0 = h + q + 17, 2*h - 52 = 6*h + 2*q. Calculate p(h).
13
Let p(o) = -3*o**3 - 3*o**2 + 2*o. Let d(g) be the second derivative of -g**5/10 - g**4/4 + g**3/3 - 9*g - 3. Let t(f) = -4*d(f) + 3*p(f). Give t(2).
0
Suppose 2*k + 0 + 2 = 0. Let m be (k - 19)*(-6)/12. Let l(c) = -c**2 + 5*c - 11. Let p(v) = -7*v**2 + 32*v - 76. Let n(d) = 15*l(d) - 2*p(d). What is n(m)?
-3
Let s(k) = 1 - 5 - 3 + 2*k. Let v = 268 - 211. Let o = 62 - v. Give s(o).
3
Let b be (-2073)/6*-2 + -3. Let y = b - 688. Let i(k) = -k**2 - 4. What is i(y)?
-4
Suppose 45572*v + 98 = 45579*v. Let i(a) = 6*a - 22. Calculate i(v).
62
Let q = 133 - 130. Suppose -2*f = -10, -q*y + f = 51 - 16. Let n(g) = -g + 1. Let z(v) = -5*v + 10. Let l(a) = -6*n(a) + z(a). What is l(y)?
-6
Let r be 464/(-120) - (-1)/((-15)/2). Let c(l) be the second derivative of l**4/12 + 5*l**3/6 - 3*l**2/2 + 417*l. Give c(r).
-7
Let i(x) = -4*x**2 - 23*x + 11. Let c(m) = -2*m**2 - 25*m + 13. Let y(s) = 3*c(s) - 2*i(s). Give y(12).
-43
Let w(g) = -3*g. Suppose 2*x - 1 = -3*o + 19, -5*x = 4*o - 36. Let l(a) = -a - 2. Let y be l(o). Let r(u) = -u - 8. Let i be r(y). Give w(i).
6
Let z(w) = w**3 + w**2 + w - 11. Suppose v - 39 = 2*c, 5*c + 3*v = -68 - 24. Let i(s) = -1 + 5*s - 18 - 6*s. Let y be i(c). Give z(y).
-11
Let p(y) = 18*y - 457*y**2 - 464*y**2 - 459*y**2 - 457*y**2 + 1835*y**2 + 10. Calculate p(9).
10
Let v be 4/18 + 2096/(-36). Let l = -92 + 40. Let m = v - l. Let o(c) = c**3 + 5*c**2 - 2*c + 4. Determine o(m).
-20
Let d(f) = 11 - 6*f + 23 - 50 - 5. What is d(-3)?
-3
Let f(s) = 24 + 7 - 39 + 22 + 31 + 21*s. What is f(-3)?
-18
Let g = 36 - 31. Let q = 0 + g. Suppose -q = -8*t + 3*t. Let a(p) = 13*p - 1. What is a(t)?
12
Let m(o) be the first derivative of 2*o**2 - 12*o + 83. What is m(8)?
20
Let c(s) = 32*s + 275. Let q = 7233 - 7241. What is c(q)?
19
Suppose s + 4*v = 4*s - 10, 3*v = -4*s + 5. Suppose 0 = -5*p - l + 47 + 45, s*p - 4*l = 28. Let f(z) = 8*z + 9*z - 33*z + p*z. What is f(0)?
0
Let c(g) = g**3 - g**2 - 3*g + 10. Suppose 24*o = 28*o + 3*p - 3, -7*p = -o + 24. Calculate c(o).
19
Let k(u) = -2*u**2 - 17*u - 1. Let h be (-38)/5 - (-37)/((-3515)/38). Determine k(h).
7
Let p(z) = -z**3 - 2*z**2 + 2*z + 1. Let b = -18 + -28. Suppose 5*d = 6*d - 44. Let w = d + b. Determine p(w).
-3
Let f = -2726 + 2731. Let u(x) be the third derivative of 1/12*x**6 - 1/12*x**4 + 0 + 0*x + 36*x**2 - 1/6*x**3 + 0*x**f. Calculate u(-1).
-9
Let a(s) = -s**2 - 19*s + 42. Let o(d) = -d**2 + 2*d + 27. Let c be o(8). Let v be a(c). Let u(y) = 290 + v*y - y - 291. Give u(-8).
7
Let k(y) = -5 + y + 0 + 0. Let p(d) = d**3 - 9*d**2 - 3*d + 49. Let s be p(9). Suppose -775*q = -777*q + s. What is k(q)?
6
Suppose -4*k = k. Let y(v) = -8747*v - 8742*v - 31 + 17490*v. Calculate y(k).
-31
Let k(u) be the third derivative of u**6/120 + u**5/10 - u**4/12 + 17*u**3/6 + 55*u**2 - 18*u. Calculate k